ase 5) to base 3.
-11012022
What is 18 (base 9) in base 8?
21
What is 222202 (base 3) in base 2?
1011010010
Convert -19 (base 15) to base 11.
-22
Convert 1030211 (base 4) to base 6.
34405
-51554 (base 7) to base 16
-3158
What is -3332 (base 4) in base 13?
-167
What is 304 (base 11) in base 12?
267
What is 2663 (base 8) in base 12?
a17
Convert -110011101111000 (base 2) to base 9.
-40301
Convert -837 (base 15) to base 2.
-11100111100
What is 13b7 (base 15) in base 8?
10176
Convert 8504 (base 13) to base 11.
12930
What is -752a (base 12) in base 11?
-9722
-1221001 (base 3) to base 6
-10301
400 (base 10) to base 16
190
Convert 1130 (base 8) to base 3.
211020
Convert 2398 (base 12) to base 16.
fa4
-1a293 (base 12) to base 14
-dddd
What is -1153c (base 13) in base 7?
-161200
Convert -2738 (base 9) to base 11.
-1603
What is -7639 (base 11) in base 7?
-41255
10102012202 (base 3) to base 4
100122113
Convert 42533 (base 7) to base 2.
10100100111111
Convert 2 (base 6) to base 5.
2
Convert -2495 (base 12) to base 10.
-4145
What is fa78 (base 16) in base 9?
106854
What is 11111011 (base 2) in base 10?
251
What is 2742 (base 11) in base 7?
13236
Convert 13005 (base 8) to base 10.
5637
Convert -966 (base 12) to base 6.
-10210
What is -1000000000 (base 2) in base 4?
-20000
-3994b (base 12) to base 7
-446441
Convert -41441 (base 5) to base 2.
-101010111010
Convert -13225 (base 6) to base 14.
-a53
What is 3195 (base 11) in base 7?
15204
-10020102 (base 3) to base 7
-6611
Convert 1667d (base 14) to base 7.
322516
-3041 (base 8) to base 9
-2133
What is 1010110 (base 2) in base 3?
10012
Convert -4d (base 14) to base 9.
-76
What is 680 (base 16) in base 11?
1283
1202 (base 3) to base 6
115
Convert 1121210100 (base 3) to base 15.
96d3
What is 421 (base 12) in base 15?
2a1
Convert 1000011010 (base 2) to base 3.
201221
Convert -1a5 (base 13) to base 4.
-10300
What is 102012000 (base 3) in base 9?
12160
-444 (base 11) to base 15
-257
Convert 407 (base 10) to base 15.
1c2
Convert -419a (base 11) to base 13.
-26b3
What is 303 (base 13) in base 2?
111111110
-4963 (base 12) to base 13
-3a02
Convert -600 (base 11) to base 12.
-506
-123b (base 13) to base 12
-15b5
Convert 2237 (base 13) to base 12.
2922
Convert 62322 (base 10) to base 15.
136ec
What is 3d6 (base 14) in base 5?
11101
Convert 1431 (base 15) to base 16.
10e1
What is -4c (base 14) in base 15?
-48
Convert -32441 (base 5) to base 13.
-103a
Convert 10110010010101 (base 2) to base 14.
4233
What is -501 (base 14) in base 2?
-1111010101
What is -11010 (base 4) in base 10?
-324
-110110011 (base 3) to base 15
-2a51
Convert 101230 (base 5) to base 3.
11112210
-2730 (base 9) to base 7
-5661
-413 (base 9) to base 16
-150
Convert 1457 (base 11) to base 4.
131111
Convert -247 (base 14) to base 12.
-31b
What is 6192 (base 13) in base 8?
32236
Convert -21a9 (base 11) to base 2.
-101101010110
3a95 (base 15) to base 8
30343
211200 (base 3) to base 15
2ac
Convert -11022 (base 6) to base 9.
-2075
Convert 16a (base 14) to base 10.
290
What is 9215 (base 11) in base 4?
2333031
What is -235063 (base 7) in base 4?
-22121101
Convert -29932 (base 11) to base 14.
-11637
What is 14227 (base 8) in base 16?
1897
-e9 (base 16) to base 12
-175
What is -1749 (base 10) in base 15?
-7b9
What is -1261 (base 7) in base 13?
-2b3
Convert -2120 (base 6) to base 16.
-1e0
-111000110001 (base 2) to base 9
-4876
-1111202 (base 3) to base 11
-910
Convert 110001000001110 (base 2) to base 7.
133120
Convert -418 (base 12) to base 5.
-4341
-110000010100 (base 2) to base 7
-12005
What is -8442 (base 9) in base 16?
-1832
-15c9 (base 13) to base 12
-1a33
What is -1015 (base 7) in base 15?
-18a
What is -716 (base 8) in base 13?
-297
What is 1201220 (base 4) in base 6?
44532
What is -14a84 (base 11) in base 15?
-647c
-902 (base 16) to base 7
-6503
Convert 2121 (base 5) to base 3.
101121
What is 1352 (base 7) in base 13?
317
What is -110010110001 (base 2) in base 7?
-12321
3132113 (base 4) to base 12
829b
Convert 100020001 (base 4) to base 5.
4103144
21354 (base 9) to base 5
423033
-40223 (base 9) to base 2
-110011100111011
-216151 (base 7) to base 14
-dc98
1cb (base 16) to base 9
560
-100100 (base 2) to base 12
-30
What is -519 (base 12) in base 13?
-450
-21322 (base 4) to base 14
-334
-2412 (base 5) to base 13
-216
-297 (base 13) to base 15
-20c
Convert 414235 (base 6) to base 16.
824f
What is 2003 (base 5) in base 6?
1101
11100010000 (base 2) to base 15
808
What is 1101010000 (base 2) in base 15?
3b8
Convert 60083 (base 9) to base 11.
276a6
What is 3247 (base 16) in base 10?
12871
-202002100 (base 3) to base 4
-3210303
What is -b92b (base 13) in base 9?
-38253
-2122 (base 7) to base 5
-11001
Convert -5504 (base 11) to base 2.
-1110001100000
What is -35553 (base 7) in base 15?
-2ad6
4a67 (base 15) to base 7
64126
What is -20333 (base 5) in base 15?
-5e8
What is -10200230 (base 4) in base 16?
-482c
What is -83 (base 14) in base 8?
-163
Convert -27 (base 8) to base 12.
-1b
Convert 1106 (base 7) to base 2.
110001110
-1997 (base 14) to base 13
-2160
Convert 1023 (base 11) to base 10.
1356
What is -4221 (base 6) in base 14?
-4bb
What is -14d1 (base 16) in base 12?
-3101
-32303 (base 5) to base 10
-2203
352 (base 12) to base 3
200022
Convert -2002021221 (base 3) to base 14.
-10d54
What is -21203 (base 4) in base 2?
-1001100011
12180 (base 11) to base 12
a174
Convert -2441 (base 10) to base 14.
-c65
Convert 1001010221 (base 3) to base 16.
5026
Convert 123 (base 12) to base 4.
2223
-31916 (base 10) to base 9
-47702
Convert -5b09 (base 12) to base 3.
-112001000
Convert 52065 (base 7) to base 2.
11000111000010
3744 (base 11) to base 9
6631
What is -19218 (base 10) in base 11?
-13491
-84cd (base 14) to base 7
-123546
-cb8 (base 15) to base 13
-1400
What is -213112 (base 6) in base 9?
-26048
What is 750 (base 10) in base 12?
526
Convert -15312 (base 11) to base 9.
-32650
What is 5b (base 13) in base 14?
56
What is 56 (base 16) in base 2?
1010110
Convert 942 (base 11) to base 5.
14020
What is -7d18 (base 15) in base 11?
-18a68
40c2 (base 13) to base 10
8946
6040 (base 7) to base 5
31321
1404 (base 7) to base 3
202010
What is 1011011010000001 (base 2) in base 6?
1000145
What is -2884 (base 14) in base 9?
-10748
-23c (base 13) to base 5
-3024
201 (base 15) to base 8
703
What is -a8b (base 13) in base 6?
-12205
24604 (base 8) to base 12
6198
Convert 897 (base 10) to base 9.
1206
Convert -1231302 (base 4) to base 15.
-2136
Convert -4f9 (base 16) to base 14.
-66d
6476 (base 8) to base 2
110100111110
What is 100110110001110 (base 2) in base 9?
30210
1407 (base 9) to base 7
3043
1110100101 (base 2) to base 7
2502
Convert 532403 (base 6) to base 2.
1010100101010011
5993 (base 15) to base 9
28103
What is -12202003 (base 4) in base 16?
-6883
Convert -111111110001 (base 2) to base 16.
-ff1
Convert -4220 (base 6) to base 13.
-57c
What is 17aa (base 12) in base 5?
42431
What is 232220 (base 4) in base 10?
2984
7770 (base 11) to base 3
112001022
-423 (base 11) to base 6
-2205
Convert -4304 (base 16) to base 8.
-41404
Convert 155133 (base 6) to base 7.
62610
ab (base 13) to base 16
8d
What is 110021 (base 4) in base 2?
10100001001
1220122102 (base 3) to base 4
21030101
Convert 1312 (base 5) to base 6.
543
What is 42252 (base 9) in base 12?
1419b
Convert -754 (base 8) to base 6.
-2140
Convert 65 (base 12) to base 13.
5c
What is -1033300 (base 5) in base 10?
-17950
Convert -13e3 (base 15) to base 6.
-31423
174 (base 12) to base 6
1024
What is -8144 (base 15) in base 13?
-c562
Convert -10436 (base 7) to base 14.
-d56
-3201 (base 4) to base 12
-169
Convert -d49 (base 16) to base 2.
-110101001001
What is -3552 (base 10) in base 4?
-313200
Convert 132143 (base 6) to base 11.
9154
What is 1d5a (base 16) in base 14?
2a4a
What is -1422040 (base 5) in base 11?
-20300
Convert -34574 (base 8) to base 4.
-3211330
3120232 (base 4) to base 12
803a
Convert -4344 (base 6) to base 8.
-1750
-357a (base 15) to base 5
-330430
Convert 3020021 (base 4) to base 5.
402214
Convert -21210 (base 5) to base 12.
-9b2
What is -10000011110 (base 2) in base 12?
-73a
What is -111010100 (base 2) in base 6?
-2100
What is 13345 (base 8) in base 6?
43045
What is -3010023 (base 4) in base 15?
-3ac0
5319 (base 14) to base 3
